d) = d**3 + 18*d**2 + 24*d - 33. Let q be r(-11). What is the highest common factor of 20 and q?
10
Let x(k) be the third derivative of -k**4/8 - 25*k**3/6 - 14*k**2. Let y be x(-15). What is the greatest common factor of y and 10?
10
Let r be 9/(-21) + (-4573)/(-119). What is the greatest common factor of 171 and r?
19
Let i be (-3*7/(-7))/((-6)/(-22)). Let m be 2342/18 + i/(-99). Calculate the greatest common factor of m and 195.
65
Suppose -11*s = -6*s + 45. Let a be (-52)/s - (-18)/81. Calculate the highest common factor of 54 and a.
6
Suppose -4*o + 44 = -4*c, -c - 49 = -3*o - 6*c. Suppose 0 = -i - 3*i + 1352. Let s = i + -234. What is the highest common factor of s and o?
13
Let l(b) = -b**3 + 9*b**2 + b - 6. Let g be l(9). Suppose 0 = 5*r - 3*r + 4. Let m be 32 - (r + (-2 - -3)). What is the highest common factor of m and g?
3
Let j be (-1 + 19 + -6)*(-46)/(-8). What is the greatest common divisor of 2 and j?
1
Suppose 5*p + 216 = 6. Let q be ((-4)/6)/(4/p). Let t(w) = 4*w - 3. Let g be t(q). What is the greatest common factor of 5 and g?
5
Let d = -124 - -140. Let f = 119 + -23. Calculate the greatest common divisor of f and d.
16
Let b be 1 - (9/(-15) + (-29494)/10). What is the highest common divisor of b and 13?
13
Suppose 2*h - 154 = -2*n, -5*n - 83 = -h - 4*n. Suppose -73*d + 1160 = -15*d. Calculate the greatest common factor of d and h.
20
Let x(m) = 9*m - 39. Let r be x(11). What is the highest common factor of 140 and r?
20
Suppose 0 = -5*c - n + 21, -10 - 4 = -3*c - 2*n. What is the highest common divisor of c and 60?
4
Let u(x) = x**2 + 19*x + 26. Let k be (-2 + 5)/(9/(-54)). Let l be u(k). Calculate the highest common divisor of 12 and l.
4
Let p(b) = -4*b**3 - 9*b**2 + b - 44. Let q be p(-6). What is the greatest common factor of q and 20?
10
Let o(t) = -t**3 + 13*t**2 + 6*t - 57. Let v be o(13). What is the highest common factor of 672 and v?
21
Let u be (17 - 10)/((-3 - -2)/(-1)). What is the greatest common factor of u and 63?
7
Suppose -2*h - 4*r = -126, -3*h + 6*r = 4*r - 213. Suppose u + 16 = h. What is the highest common factor of u and 424?
53
Let s(h) = 14*h**3 + h**2 - h + 1. Let p be s(1). Let i = p - -5. What is the highest common factor of i and 5?
5
Let x = 29 - 24. Suppose x*w + 4 = z, -3*z - 4*w + 15 - 3 = 0. Suppose 0 = -z*n + 5*f + 17, 5*n + 6*f - 55 = f. Calculate the highest common factor of n and 24.
8
Let j = -139 + 167. Let p be 212/3 - (-2)/(-3). Calculate the greatest common factor of j and p.
14
Let v(z) = -77*z - 710. Let t be v(-10). What is the greatest common divisor of 630 and t?
30
Let f be 3 + -4 + 3 - -126. Suppose -10*p - f = -6*p. Let v = p - -33. Calculate the greatest common divisor of v and 2.
1
Suppose 9 = 4*o + 5. Suppose 0*f + 7*f = 49. What is the greatest common divisor of f and o?
1
Let o be ((-87)/145)/((-1)/190). Calculate the greatest common divisor of 3306 and o.
114
Suppose 0 = 4*u - 3*u - 3. Suppose u = -z + 6. Suppose 3*j = 3*x - 78, 2*x + z*j - 10 = 47. What is the greatest common factor of 297 and x?
27
Let r be 865*(2 + -3 + 2). Let t = -4 - -9. Suppose -t*a - 145 = -r. What is the highest common divisor of a and 18?
18
Let c be (-148)/4*1 + -2. Let w = 43 + c. Calculate the greatest common divisor of w and 16.
4
Let z be 0 - (-1)/(1/22). Let b = -8742 - -8744. Calculate the highest common factor of b and z.
2
Let q = -734 - -784. Suppose 2*j - 2*l = 22, 0*l + 5*l - 15 = 0. Let p be -1 - -6*j/4. Calculate the greatest common divisor of p and q.
10
Suppose -5*b - 21 + 101 = 0. Let m be 192/(-10)*55/(-22). What is the highest common factor of b and m?
16
Suppose 4*o = 2*o + 4*d, 25 = 5*o - 5*d. Calculate the highest common divisor of 320 and o.
10
Suppose -2*t = -5*t + 42. Let l = t - 4. Let y = 100 - 30. What is the highest common factor of y and l?
10
Suppose 5*u = -3*r + 1107, 7*r + 1490 = 11*r + 2*u. What is the highest common factor of 306 and r?
34
Suppose 315 = 3*t + 2*t. Let u = t - 24. Let m be -2 + (15 - 0) + 0. What is the highest common divisor of m and u?
13
Suppose -27*l = -6*l - 5964. What is the highest common factor of l and 4?
4
Let v(u) = -3*u - 1 + 6 + 11 - 4. Let f be v(2). What is the greatest common divisor of f and 3?
3
Suppose 12*b = 11*b + 32. What is the greatest common divisor of b and 512?
32
Let y(t) = -3*t + 14. Let r = 24 + -18. Let v be y(r). Let f(k) = -5*k + 6. Let d be f(v). What is the highest common divisor of d and 39?
13
Let v(a) = a**2 + a - 2. Let r be v(-3). Let c be r/(-10) + (-127)/(-5). Let s be 2 - (0 - (-5 + 13)). Calculate the greatest common divisor of c and s.
5
Suppose 0 = -12*a + 85 + 131. Let p = a + -7. What is the greatest common factor of p and 77?
11
Let m be (-12)/96 - 187/(-88). What is the greatest common divisor of m and 125?
1
Suppose o - 3 = -t, 4*o - 4*t + 5*t - 21 = 0. Suppose -34 = 8*w - 370. Calculate the highest common factor of o and w.
6
Suppose -5*l = 4*i + 42, 5*l + 2*i + 44 = -i. Let v(n) = n + 21. Let j be v(l). What is the greatest common factor of 99 and j?
11
Let v be (15/(-4))/(3/(-12)). Suppose -146*y + 15120 = -8*y + 6*y. Calculate the highest common divisor of v and y.
15
Suppose -72 = -3*a - a. Suppose -7*i = -4*i + a. Let r = i + 9. Calculate the highest common divisor of r and 9.
3
Suppose 412*t = 393*t + 1254. Calculate the greatest common divisor of 44 and t.
22
Suppose 51*j - 1620 = 36*j. What is the greatest common factor of 24 and j?
12
Let p = 277 + -217. Let a = -9 + 29. Calculate the greatest common divisor of p and a.
20
Let w be 155/3 + (-22)/33. Calculate the highest common factor of 221 and w.
17
Let p = 1480 + -1384. Calculate the greatest common divisor of 48 and p.
48
Suppose -157*o = -160*o + 1947. Calculate the greatest common divisor of o and 59.
59
Let m = 44 + -18. Suppose 4*b - 20 = -4, 3*i - m = 4*b. Calculate the greatest common divisor of i and 154.
14
Suppose 0 = 38*g - 25*g - 13. Calculate the highest common divisor of 13 and g.
1
Let z(r) = r**2 - 5*r + 1. Let s be z(3). Let w(x) = 13*x + 553. Let h be w(-41). Let q = h + s. Calculate the greatest common divisor of 120 and q.
15
Suppose 49*w - 44*w = 75. Suppose 3*k + 4*f - 483 = 0, 2*f - 4*f - 6 = 0. Calculate the highest common divisor of k and w.
15
Let p(r) = -5*r - 20. Let j be (-308)/55 - 2/5. Let v be (-24)/(-9)*27/j. Let k be p(v). What is the highest common factor of k and 20?
20
Let i(d) = -26*d - 5. Let n be i(-3). Let m = n + -61. Calculate the greatest common factor of 20 and m.
4
Suppose 0 = -5*t - 30*q + 33*q + 2128, -q = 2*t - 849. What is the highest common divisor of 100 and t?
25
Let r = 2 - 0. Suppose -12*v + 168 = -4*v. Let o be 1*(r + -2 + v). Calculate the greatest common factor of o and 7.
7
Suppose 2*z = -3*z - 2*g, -3*g - 15 = 0. Let t = 0 - z. Let x(w) = 17*w**2 + 5*w. Let u be x(t). Calculate the greatest common divisor of 145 and u.
29
Let u(s) = 2*s**2 - 3*s. Let g be u(2). Suppose -26 = -g*k + 10. What is the highest common factor of k and 27?
9
Suppose -84 = -2*z + z. What is the greatest common factor of 63 and z?
21
Let x(s) = -2*s**3 - s + 4. Let z be x(0). Suppose 1257 = 4*i - 3*n, 2*i - z*i + 615 = 3*n. What is the highest common divisor of 24 and i?
24
Let q = 62 + 58. What is the greatest common divisor of q and 48?
24
Suppose 3516 = b + 3*b + 4*a, -a = 5*b - 4383. What is the highest common factor of b and 24?
12
Let l be 21/((-1)/13*(-38 + 35)). Calculate the greatest common factor of l and 650.
13
Suppose -7*t = 6 - 17 - 3. Let c be ((-5)/4)/((-2)/8). What is the highest common factor of t and c?
1
Let z be 130/(-1)*3/(-3). Let c be (312/15)/(42/30 + -1). What is the greatest common divisor of z and c?
26
Let a be (-697)/41*(-12)/34. What is the highest common divisor of 69 and a?
3
Let p = 195 - 102. What is the highest common divisor of p and 155?
31
Let q(m) = 14*m + 7. Let i be q(6). Let p = -235 - -248. What is the highest common factor of p and i?
13
Suppose 4*o - 2*d - 4 = o, -4*o - d = 2. Suppose 2*a - 238 = -o*a. What is the greatest common divisor of 17 and a?
17
Let i = 1328 - 717. What is the greatest common factor of i and 65?
13
Suppose y + 21 = -6. Let l = 12 - y. Suppose 2*w = -4*f + 3*w + 50, 0 = 2*f - w - 24. What is the greatest common factor of l